{"id":1597,"date":"2018-08-13T02:16:18","date_gmt":"2018-08-12T23:16:18","guid":{"rendered":"http:\/\/www.barutcuoglugrup.com\/?page_id=1597"},"modified":"2018-08-13T02:16:55","modified_gmt":"2018-08-12T23:16:55","slug":"baskanin-mesaji","status":"publish","type":"page","link":"https:\/\/www.barutcuoglugrup.com\/index.php\/baskanin-mesaji\/","title":{"rendered":"Ba\u015fkan\u0131n Mesaj\u0131"},"content":{"rendered":"<div class=\"ui--title ui--animation ui--title-bordered text-center\"><div class=\"ui--title-holder\"><h1 class=\"ui--title-text\">Ba\u015fkan\u0131n Mesaj\u0131<\/h1><div class=\"ui--title-borders ui--title-border-left\"><\/div><div class=\"ui--title-borders ui--title-border-right\"><\/div><\/div><\/div><div class=\"auto-format ui--animation\"><p style=\"font-size:18px;\">Bizler Barut\u00e7uo\u011flu ailesi olarak 30 y\u0131ll\u0131k tecr\u00fcbe , birliktelik , inan\u00e7 ve azim ile birlikte varolmaktay\u0131z.<\/br> \u0130n\u015faat sekt\u00f6r\u00fc ile ba\u015flad\u0131\u011f\u0131m\u0131z ticaret hayat\u0131m\u0131za yeni i\u015f alanlar\u0131 katarak , b\u00fcy\u00fcyerek ve geli\u015ferek \u00fclkemize , milletimize ve devletimize hizmet etmeye devam etmekteyiz.<\/br><br \/>\nTicari hayat\u0131m\u0131zda d\u00fcr\u00fcst , onurlu ve hakkaniyetli olmak bizim temel prensibimizdir. <\/br>30 y\u0131ld\u0131r beraber \u00e7al\u0131\u015ft\u0131\u011f\u0131m\u0131z Allah\u0131n izni ile beraber \u00fcretip halk\u0131m\u0131za kazand\u0131rd\u0131\u011f\u0131m\u0131z her projede , her i\u015fte bu prensipleri esas alm\u0131\u015f\u0131zd\u0131r.<\/br><br \/>\nBug\u00fcne kadar bize g\u00fcvenen , bizimle birlikte y\u00fcr\u00fcyen herkese te\u015fekk\u00fcr eder Barut\u00e7uo\u011flu Grup olarak hay\u0131rl\u0131 ve ba\u015far\u0131l\u0131 daha nice i\u015flerde bulu\u015fmay\u0131 dilerim.<\/br><br \/>\nSayg\u0131lar\u0131mla.<br \/>\n<strong>Hakim U\u011fur BARUT<\/strong><\/p>\n<\/div>","protected":false},"excerpt":{"rendered":"<p>Ba\u015fkan\u0131n Mesaj\u0131Bizler Barut\u00e7uo\u011flu ailesi olarak 30 y\u0131ll\u0131k tecr\u00fcbe , birliktelik , inan\u00e7 ve azim ile birlikte varolmaktay\u0131z. \u0130n\u015faat sekt\u00f6r\u00fc ile ba\u015flad\u0131\u011f\u0131m\u0131z ticaret hayat\u0131m\u0131za yeni i\u015f alanlar\u0131 katarak , b\u00fcy\u00fcyerek ve geli\u015ferek \u00fclkemize , milletimize ve devletimize hizmet etmeye devam etmekteyiz. Ticari hayat\u0131m\u0131zda d\u00fcr\u00fcst , onurlu ve hakkaniyetli olmak bizim temel prensibimizdir. 30 y\u0131ld\u0131r beraber \u00e7al\u0131\u015ft\u0131\u011f\u0131m\u0131z [&hellip;]<\/p>\n","protected":false},"author":1,"featured_media":0,"parent":0,"menu_order":0,"comment_status":"closed","ping_status":"closed","template":"","meta":[],"_links":{"self":[{"href":"https:\/\/www.barutcuoglugrup.com\/index.php\/wp-json\/wp\/v2\/pages\/1597"}],"collection":[{"href":"https:\/\/www.barutcuoglugrup.com\/index.php\/wp-json\/wp\/v2\/pages"}],"about":[{"href":"https:\/\/www.barutcuoglugrup.com\/index.php\/wp-json\/wp\/v2\/types\/page"}],"author":[{"embeddable":true,"href":"https:\/\/www.barutcuoglugrup.com\/index.php\/wp-json\/wp\/v2\/users\/1"}],"replies":[{"embeddable":true,"href":"https:\/\/www.barutcuoglugrup.com\/index.php\/wp-json\/wp\/v2\/comments?post=1597"}],"version-history":[{"count":0,"href":"https:\/\/www.barutcuoglugrup.com\/index.php\/wp-json\/wp\/v2\/pages\/1597\/revisions"}],"wp:attachment":[{"href":"https:\/\/www.barutcuoglugrup.com\/index.php\/wp-json\/wp\/v2\/media?parent=1597"}],"curies":[{"name":"wp","href":"https:\/\/api.w.org\/{rel}","templated":true}]}}