{"id":1611,"date":"2018-08-30T00:46:53","date_gmt":"2018-08-29T21:46:53","guid":{"rendered":"http:\/\/www.barutcuoglugrup.com\/?page_id=1611"},"modified":"2018-09-15T20:57:52","modified_gmt":"2018-09-15T17:57:52","slug":"insaat","status":"publish","type":"page","link":"https:\/\/www.barutcuoglugrup.com\/index.php\/insaat\/","title":{"rendered":"\u0130n\u015faat"},"content":{"rendered":"<div class=\"ui--title ui--animation ui--title-bordered text-center\"><div class=\"ui--title-holder\"><h1 class=\"ui--title-text\">\u0130N\u015eAAT<\/h1><div class=\"ui--title-borders ui--title-border-left\"><\/div><div class=\"ui--title-borders ui--title-border-right\"><\/div><\/div><\/div><div class=\"auto-format ui--animation\"><p><strong>\u0130n\u015faat Grubu &#8211; Barut\u00e7uo\u011flu \u0130n\u015faat San &#038; Tic Ltd. \u015eti.  &#8211; 3B Tasar\u0131m \u0130mar \u0130n\u015faat Ltd. \u015eti.<\/strong><br \/>\n\u0130n\u015faat sekt\u00f6r\u00fcnde 30 y\u0131ll\u0131k tecr\u00fcbesi ile var olan Barut\u00e7uo\u011flu \u0130n\u015faat , T\u00fcrkiye&#8217;nin bir \u00e7ok b\u00f6lgesi ve \u015fehrinde projelere ba\u015far\u0131 ile imza atm\u0131\u015ft\u0131r.<br \/>\nGrup \u015firketlerimiz&#8217;den 3B Tasar\u0131m \u0130mar \u0130n\u015faat  altyap\u0131 ve \u00fcst yap\u0131 projelerini hizmete sunmaktad\u0131r firma 2012 y\u0131l\u0131ndan itibaren faaliyet g\u00f6stermektedir.<\/p>\n<p><strong>Alt yap\u0131 projeleri<\/strong><br \/>\n&#8211; T.C. Ula\u015ft\u0131rma Bakanl\u0131\u011f\u0131 Yavuz Sultan Selim K\u00f6pr\u00fcs\u00fc  OTOYOL G\u00dcZERGAH YAPIMI ve PEYZAJ \u00c7EVRE \u0130\u015eLER\u0130<br \/>\n&#8211; ANKARA \u0130L\u0130 M\u00dcCAV\u0130R ALANLARINDA BETON BORD\u00dcR , TRETUVAR ve ALT YAPI \u0130\u015eLER\u0130  <\/p>\n<p><strong>\u00dcst Yap\u0131 Projeleri<\/strong><br \/>\n&#8211; E\u011fitim &#038; \u00d6\u011fretim Yap\u0131lar\u0131<br \/>\n   &#8211; Kastamonu Tosya Yat\u0131l\u0131 \u0130lk \u00d6\u011fretim B\u00f6lge Okulu \u0130n\u015faat\u0131<br \/>\n   &#8211; Ankara \u0130zzet Latif Aras 24 Derslikli \u0130lk \u00d6\u011fretim Okulu \u0130n\u015faat\u0131<br \/>\n   &#8211; Ankara \u0130zzet Latif Aras \u0130lk \u00d6\u011fretim Okulu Spor Salonu ve \u00c7evre D\u00fczenlemesi \u0130n\u015faat\u0131<br \/>\n   &#8211; Kastamonu Kuzeykent Anadolu \u00d6\u011fretmen Lisesi ve Lojmanlar\u0131 \u0130n\u015faat\u0131<br \/>\n   &#8211; Kastamonu Tosya Anadolu \u00d6\u011fretmen Lisesi \u0130n\u015faat\u0131<br \/>\n   &#8211; Kastamonu \u00c7atalzeytin Yat\u0131l\u0131 \u0130lk \u00d6\u011fretim B\u00f6lge Okulu \u0130n\u015faat\u0131<br \/>\n   &#8211; Kastamonu Ta\u015fk\u00f6pr\u00fc K\u0131z Meslek Lisesi \u0130n\u015faat\u0131<br \/>\n   &#8211; Ankara Kazan Meslek Y\u00fcksek Okulu \u0130n\u015faat\u0131 <\/p>\n<p><strong>&#8211; Kamu \u0130dari Binalar\u0131<\/strong><br \/>\n    &#8211;  Kastamonu Merkez Polis Okulu ve Lojmanlar\u0131 \u0130n\u015faat\u0131<br \/>\n    &#8211;  Kastamonu Yol-\u0130\u015f Sendikas\u0131 Hizmet Binas\u0131 \u0130n\u015faat\u0131<br \/>\n    &#8211;  Kastamonu Merkez \u00d6\u011fretmenevi \u0130n\u015faat\u0131<br \/>\n    &#8211;  Kastamonu \u00dcniversitesi Merkez Kafeterya \u0130n\u015faat\u0131<\/p>\n<p><strong>&#8211; Al\u0131\u015fveri\u015f Merkezleri<\/strong><br \/>\n     &#8211; Kastamonu Barut\u00e7uo\u011flu AVM \u0130n\u015faat\u0131<\/p>\n<p><strong>&#8211; Havaliman\u0131 Terminal Binalar\u0131<\/strong><br \/>\n      &#8211;  Antalya Havaliman\u0131 2. D\u0131\u015f Hatlar Terminal Binas\u0131 \u0130n\u015faat\u0131<\/p>\n<p><strong>&#8211; Havaliman\u0131 Kamu Hizmet Binalar\u0131<\/strong><br \/>\n     &#8211; D.H.M.\u0130. Milas &#8211; Bodrum Havaliman\u0131 \u0130tfaiye  Binas\u0131 \u0130n\u015faat\u0131<\/p>\n<p><strong>&#8211; Sa\u011fl\u0131k Yap\u0131lar\u0131<\/strong><br \/>\n       &#8211; Ankara Bilkent Entegre Sa\u011fl\u0131k Kamp\u00fcs\u00fc \u00c7ocuk Hastanesi ve Otoparklar\u0131 \u0130n\u015faat\u0131<br \/>\n       &#8211; Ankara Bilkent Entegre Sa\u011fl\u0131k Kamp\u00fcs\u00fc Onkoloji Hastanesi ve Otoparklar\u0131 \u0130n\u015faat\u0131<br \/>\n       &#8211; T.C. Sa\u011fl\u0131k Bakanl\u0131\u011f\u0131   Kastamonu Devrekani Devlet Hastanesi \u0130n\u015faat\u0131<\/p>\n<p><strong>&#8211; Askeri Hizmet Binalar\u0131<\/strong><br \/>\n       &#8211; Kastamonu G\u00f6lk\u00f6y Jandarma Komutanl\u0131\u011f\u0131  \u0130n\u015faat\u0131<\/p>\n<p><strong>&#8211; Spor Tesisleri<\/strong><br \/>\n       &#8211; Kastamonu \u00dcniversitesi Futbol Sahas\u0131 ve Pist \u0130n\u015faat\u0131<\/p>\n<p><strong>&#8211; Toplu Konut<\/strong><br \/>\n       &#8211; T.O.K.\u0130. Bolu Merkez Pa\u015fak\u00f6y 2. Etap 500 adet Konut Ticaret Merkezi , Sa\u011fl\u0131k Oca\u011f\u0131 ve \u00c7evre D\u00fczenlemesi \u0130n\u015faat\u0131<br \/>\n       &#8211;  T.O.K.\u0130. K\u00fctahya \u0130li Simav \u0130l\u00e7esi 268 adet Konut ile Altyap\u0131 ve \u00c7evre D\u00fczenlemesi \u0130n\u015faat\u0131 <\/p>\n<p><strong>&#8211; Gayrimenkul Geli\u015ftirme ve Konut<\/strong><br \/>\n       &#8211; Kastamonu Safir Konutlar\u0131<br \/>\n       &#8211; Bolu Gardenya -1- Konutlar\u0131<br \/>\n       &#8211; Bolu Gardenya -2- Konutlar\u0131<br \/>\n       &#8211; D\u00fczce Prestij Yap\u0131 Kooperatifi<br \/>\n       &#8211; Kastamonu Durukent Konutlar\u0131<br \/>\n       &#8211; Kastamonu Elitpark Konutlar\u0131<br \/>\n       &#8211; Ankara Ba\u011fl\u0131ca Vera Konutlar\u0131<\/p>\n<\/div>","protected":false},"excerpt":{"rendered":"<p>\u0130N\u015eAAT\u0130n\u015faat Grubu &#8211; Barut\u00e7uo\u011flu \u0130n\u015faat San &#038; Tic Ltd. \u015eti. &#8211; 3B Tasar\u0131m \u0130mar \u0130n\u015faat Ltd. \u015eti. \u0130n\u015faat sekt\u00f6r\u00fcnde 30 y\u0131ll\u0131k tecr\u00fcbesi ile var olan Barut\u00e7uo\u011flu \u0130n\u015faat , T\u00fcrkiye&#8217;nin bir \u00e7ok b\u00f6lgesi ve \u015fehrinde projelere ba\u015far\u0131 ile imza atm\u0131\u015ft\u0131r. Grup \u015firketlerimiz&#8217;den 3B Tasar\u0131m \u0130mar \u0130n\u015faat altyap\u0131 ve \u00fcst yap\u0131 projelerini hizmete sunmaktad\u0131r firma 2012 y\u0131l\u0131ndan [&hellip;]<\/p>\n","protected":false},"author":1,"featured_media":0,"parent":0,"menu_order":0,"comment_status":"closed","ping_status":"closed","template":"","meta":[],"_links":{"self":[{"href":"https:\/\/www.barutcuoglugrup.com\/index.php\/wp-json\/wp\/v2\/pages\/1611"}],"collection":[{"href":"https:\/\/www.barutcuoglugrup.com\/index.php\/wp-json\/wp\/v2\/pages"}],"about":[{"href":"https:\/\/www.barutcuoglugrup.com\/index.php\/wp-json\/wp\/v2\/types\/page"}],"author":[{"embeddable":true,"href":"https:\/\/www.barutcuoglugrup.com\/index.php\/wp-json\/wp\/v2\/users\/1"}],"replies":[{"embeddable":true,"href":"https:\/\/www.barutcuoglugrup.com\/index.php\/wp-json\/wp\/v2\/comments?post=1611"}],"version-history":[{"count":0,"href":"https:\/\/www.barutcuoglugrup.com\/index.php\/wp-json\/wp\/v2\/pages\/1611\/revisions"}],"wp:attachment":[{"href":"https:\/\/www.barutcuoglugrup.com\/index.php\/wp-json\/wp\/v2\/media?parent=1611"}],"curies":[{"name":"wp","href":"https:\/\/api.w.org\/{rel}","templated":true}]}}